{"id":1563,"date":"2024-03-13T13:54:45","date_gmt":"2024-03-13T13:54:45","guid":{"rendered":"https:\/\/kungfu.capitalb.ca\/?page_id=1563"},"modified":"2024-04-26T02:16:13","modified_gmt":"2024-04-26T02:16:13","slug":"philosophie","status":"publish","type":"page","link":"https:\/\/kungfucanada.ca\/?page_id=1563","title":{"rendered":"Philosophie"},"content":{"rendered":"<p>[vc_row full_height=&#8221;yes&#8221; type=&#8221;image&#8221; bg_image=&#8221;34&#8243;][vc_column][\/vc_column][\/vc_row][vc_row type=&#8221;color&#8221; bg_color=&#8221;#211c1c&#8221;][vc_column][vc_empty_space][vc_custom_heading text=&#8221;NOTRE APPROCHE&#8221; font_container=&#8221;tag:h2|font_size:48px|text_align:center|color:%23fafafa|line_height:1.2&#8243; google_fonts=&#8221;font_family:EB%20Garamond%3Aregular|font_style:400%20regular%3A400%3Anormal&#8221; css_animation=&#8221;fadeIn&#8221;][vc_row_inner][vc_column_inner][vc_column_text text_color=&#8221;#fafafa&#8221; font_size=&#8221;17px&#8221; line_height=&#8221;1.5em&#8221; animation=&#8221;animate-when-visible&#8221; css_animation=&#8221;el-fade&#8221;]<\/p>\n<p style=\"text-align: center;\">Chez Kung-Fu Canada, nous adoptons une approche holistique de l&#8217;entra\u00eenement aux arts martiaux.<\/p>\n<p style=\"text-align: center;\">Notre processus est con\u00e7u pour promouvoir la forme physique, l&#8217;autod\u00e9fense et le bien-\u00eatre mental.<\/p>\n<p style=\"text-align: center;\">Nous croyons que l&#8217;autod\u00e9fense n&#8217;est pas seulement une question de techniques physiques, mais aussi de discipline, de concentration, de souplesse, d&#8217;endurance, de confiance en soi, de ma\u00eetrise de soi, de tranquillit\u00e9 d&#8217;esprit et de respect. Nos cours sont con\u00e7us pour vous aider \u00e0 atteindre vos objectifs personnels et \u00e0 vous d\u00e9velopper en tant qu&#8217;individu. Que vous soyez d\u00e9butant ou que vous ayez d\u00e9j\u00e0 une exp\u00e9rience des arts martiaux, nos instructeurs travailleront avec vous pour s&#8217;assurer que vous recevez les conseils et le soutien dont vous avez besoin.<\/p>\n<p>[\/vc_column_text][\/vc_column_inner][\/vc_row_inner][vc_empty_space height=&#8221;60px&#8221;][vc_btn title=&#8221;En savoir plus&#8221; style=&#8221;custom&#8221; custom_background=&#8221;#9f2b1e&#8221; custom_text=&#8221;#fafafa&#8221; size=&#8221;lg&#8221; align=&#8221;center&#8221; link=&#8221;url:http%3A%2F%2Fkungfucanada.ca%2F%3Fpage_id%3D1547%26lang%3Dfr|title:Classes&#8221;][\/vc_column][\/vc_row][vc_row type=&#8221;color&#8221; bg_color=&#8221;#211c1c&#8221; visibility=&#8221;hidden-xs,hidden-sm&#8221;][vc_column width=&#8221;1\/3&#8243;][vc_single_image image=&#8221;1315&#8243; img_size=&#8221;large&#8221;][\/vc_column][vc_column width=&#8221;1\/6&#8243;][vc_empty_space]<div class=\"text-right\" ><a class=\"kleo-icon-anchor\" href=\"https:\/\/www.youtube.com\/channel\/UCiZTyGMHBfs9FhVB1AJj22Q\" target=\"_blank\"><i class=\"icon-youtube-play icon-2x\"><\/i><\/a><\/div>[\/vc_column][vc_column width=&#8221;1\/6&#8243;][vc_empty_space]<div class=\"text-left\" ><a class=\"kleo-icon-anchor\" href=\"https:\/\/www.facebook.com\/KungFuCanada\" target=\"_blank\"><i class=\"icon-facebook icon-2x\"><\/i><\/a><\/div>[\/vc_column][vc_column width=&#8221;1\/3&#8243;][vc_custom_heading text=&#8221;Contactez-nous&#8221; font_container=&#8221;tag:h2|font_size:24px|text_align:left|color:%23fafafa&#8221; google_fonts=&#8221;font_family:EB%20Garamond%3Aregular|font_style:400%20regular%3A400%3Anormal&#8221; link=&#8221;url:https%3A%2F%2Fkungfu.capitalb.ca%2Findex.php%2Fcontactez-nous%2F|title:Contactez-nous&#8221;][vc_column_text text_color=&#8221;#b2b2b2&#8243;]<span style=\"color: #999999;\"><strong>Laval, Qu\u00e9bec:<\/strong> 514-207-3699<\/span><\/p>\n<p><span style=\"color: #999999;\"><strong>Victoria, BC:<\/strong> 778-967-3748<\/span>[\/vc_column_text][\/vc_column][\/vc_row][vc_row type=&#8221;color&#8221; bg_color=&#8221;#211c1c&#8221; visibility=&#8221;hidden-md,hidden-lg,hidden-xlg&#8221;][vc_column width=&#8221;1\/3&#8243;][vc_single_image image=&#8221;1315&#8243; img_size=&#8221;large&#8221;][\/vc_column][vc_column width=&#8221;1\/6&#8243;][vc_empty_space]<div class=\"text-center\" ><a class=\"kleo-icon-anchor\" href=\"https:\/\/www.youtube.com\/channel\/UCiZTyGMHBfs9FhVB1AJj22Q\" target=\"_blank\"><i class=\"icon-youtube-play icon-2x\"><\/i><\/a><\/div>[\/vc_column][vc_column width=&#8221;1\/6&#8243;][vc_empty_space]<div class=\"text-center\" ><a class=\"kleo-icon-anchor\" href=\"https:\/\/www.facebook.com\/KungFuCanada\" target=\"_blank\"><i class=\"icon-facebook icon-2x\"><\/i><\/a><\/div>[\/vc_column][vc_column width=&#8221;1\/3&#8243;][vc_custom_heading text=&#8221;Contactez-nous&#8221; font_container=&#8221;tag:h2|font_size:24px|text_align:left|color:%23fafafa&#8221; google_fonts=&#8221;font_family:EB%20Garamond%3Aregular|font_style:400%20regular%3A400%3Anormal&#8221; link=&#8221;url:https%3A%2F%2Fkungfu.capitalb.ca%2Findex.php%2Fcontactez-nous%2F|title:Contactez-nous&#8221;][vc_column_text text_color=&#8221;#b2b2b2&#8243;]<span style=\"color: #999999;\"><strong>Laval, Qu\u00e9bec:<\/strong> 514-207-3699<\/span><\/p>\n<p><span style=\"color: #999999;\"><strong>Victoria, BC:<\/strong> 778-967-3748<\/span>[\/vc_column_text][\/vc_column][\/vc_row]<\/p>\n","protected":false},"excerpt":{"rendered":"<p>[vc_row full_height=&#8221;yes&#8221; type=&#8221;image&#8221; bg_image=&#8221;34&#8243;][vc_column][\/vc_column][\/vc_row][vc_row type=&#8221;color&#8221; bg_color=&#8221;#211c1c&#8221;][vc_column][vc_empty_space][vc_custom_heading text=&#8221;NOTRE APPROCHE&#8221; font_container=&#8221;tag:h2|font_size:48px|text_align:center|color:%23fafafa|line_height:1.2&#8243; google_fonts=&#8221;font_family:EB%20Garamond%3Aregular|font_style:400%20regular%3A400%3Anormal&#8221; css_animation=&#8221;fadeIn&#8221;][vc_row_inner][vc_column_inner][vc_column_text text_color=&#8221;#fafafa&#8221; font_size=&#8221;17px&#8221; line_height=&#8221;1.5em&#8221; animation=&#8221;animate-when-visible&#8221; css_animation=&#8221;el-fade&#8221;] Chez Kung-Fu Canada, nous adoptons une approche holistique de l&#8217;entra\u00eenement aux arts martiaux. Notre processus est con\u00e7u pour promouvoir la forme physique, l&#8217;autod\u00e9fense et le bien-\u00eatre mental. Nous croyons que l&#8217;autod\u00e9fense n&#8217;est pas seulement une question de techniques physiques, mais aussi de discipline, de [&hellip;]<\/p>\n","protected":false},"author":1,"featured_media":0,"parent":0,"menu_order":0,"comment_status":"closed","ping_status":"closed","template":"","meta":{"footnotes":""},"class_list":["post-1563","page","type-page","status-publish","hentry"],"_links":{"self":[{"href":"https:\/\/kungfucanada.ca\/index.php?rest_route=\/wp\/v2\/pages\/1563","targetHints":{"allow":["GET"]}}],"collection":[{"href":"https:\/\/kungfucanada.ca\/index.php?rest_route=\/wp\/v2\/pages"}],"about":[{"href":"https:\/\/kungfucanada.ca\/index.php?rest_route=\/wp\/v2\/types\/page"}],"author":[{"embeddable":true,"href":"https:\/\/kungfucanada.ca\/index.php?rest_route=\/wp\/v2\/users\/1"}],"replies":[{"embeddable":true,"href":"https:\/\/kungfucanada.ca\/index.php?rest_route=%2Fwp%2Fv2%2Fcomments&post=1563"}],"version-history":[{"count":2,"href":"https:\/\/kungfucanada.ca\/index.php?rest_route=\/wp\/v2\/pages\/1563\/revisions"}],"predecessor-version":[{"id":1662,"href":"https:\/\/kungfucanada.ca\/index.php?rest_route=\/wp\/v2\/pages\/1563\/revisions\/1662"}],"wp:attachment":[{"href":"https:\/\/kungfucanada.ca\/index.php?rest_route=%2Fwp%2Fv2%2Fmedia&parent=1563"}],"curies":[{"name":"wp","href":"https:\/\/api.w.org\/{rel}","templated":true}]}}