{"id":1187,"date":"2024-03-07T13:08:05","date_gmt":"2024-03-07T13:08:05","guid":{"rendered":"https:\/\/kungfu.capitalb.ca\/index.php\/home-francais\/"},"modified":"2024-07-09T09:44:18","modified_gmt":"2024-07-09T09:44:18","slug":"accueil","status":"publish","type":"page","link":"https:\/\/kungfucanada.ca\/?page_id=1187&lang=fr","title":{"rendered":"Accueil"},"content":{"rendered":"<p>[vc_row full_height=&#8221;yes&#8221; type=&#8221;image&#8221; bg_position=&#8221;center&#8221; bg_position_horizontal=&#8221;center&#8221; enable_parallax=&#8221;false&#8221; padding_bottom=&#8221;350&#8243; visibility=&#8221;hidden-xs,hidden-sm&#8221; bg_image=&#8221;697&#8243;][vc_column width=&#8221;1\/2&#8243;][vc_custom_heading text=&#8221;D\u00c9COUVREZ&#8221; font_container=&#8221;tag:h2|font_size:72px|text_align:left|color:%23030303|line_height:1&#8243; google_fonts=&#8221;font_family:EB%20Garamond%3Aregular|font_style:400%20regular%3A400%3Anormal&#8221; css_animation=&#8221;slideInLeft&#8221; el_class=&#8221;txtshad&#8221;][vc_custom_heading text=&#8221;VOTRE FORCE&#8221; font_container=&#8221;tag:h2|font_size:72px|text_align:left|color:%23030303|line_height:1&#8243; google_fonts=&#8221;font_family:EB%20Garamond%3Aregular|font_style:400%20regular%3A400%3Anormal&#8221; css_animation=&#8221;slideInLeft&#8221; el_class=&#8221;txtshad&#8221;][vc_custom_heading text=&#8221;INT\u00c9RIEURE&#8221; font_container=&#8221;tag:h2|font_size:72px|text_align:left|color:%23030303|line_height:1&#8243; google_fonts=&#8221;font_family:EB%20Garamond%3Aregular|font_style:400%20regular%3A400%3Anormal&#8221; css_animation=&#8221;slideInLeft&#8221; el_class=&#8221;txtshad&#8221;][vc_custom_heading text=&#8221;Lib\u00e9rez votre potentiel&#8221; font_container=&#8221;tag:h2|font_size:24px|text_align:left|color:%232d2d2d&#8221; google_fonts=&#8221;font_family:EB%20Garamond%3Aregular|font_style:400%20regular%3A400%3Anormal&#8221; css_animation=&#8221;slideInLeft&#8221; css=&#8221;.vc_custom_1710341804682{padding-top: 10px !important;padding-right: 10px !important;padding-bottom: 10px !important;padding-left: 10px !important;}&#8221; el_class=&#8221;txtshad&#8221;][vc_empty_space height=&#8221;20px&#8221;][vc_btn title=&#8221;R\u00e9servez votre cours d&#8217;essai priv\u00e9 GRATUIT&#8221; style=&#8221;custom&#8221; custom_background=&#8221;#9f2b1e&#8221; custom_text=&#8221;#fafafa&#8221; size=&#8221;lg&#8221; align=&#8221;left&#8221; link=&#8221;url:http%3A%2F%2Fkungfucanada.ca%2F%3Fpage_id%3D1552%26lang%3Dfr|title:Contactez-nous&#8221;][vc_column_text]<\/p>\n<div style=\"overflow: visible; height: 80px;\">\u0417\u0430\u0445\u043e\u0434\u0438\u0442\u0435 \u0432 <a href=\"https:\/\/cazinovulkan-777.com\/\">Vulkan777<\/a> \u0438 \u043f\u043e\u043b\u0443\u0447\u0438\u0442\u0435 \u043d\u0435\u0437\u0430\u0431\u044b\u0432\u0430\u0435\u043c\u044b\u0435 \u0432\u043f\u0435\u0447\u0430\u0442\u043b\u0435\u043d\u0438\u044f \u043e\u0442 \u0438\u0433\u0440\u044b.<\/div>\n<p>[\/vc_column_text][\/vc_column][vc_column width=&#8221;1\/2&#8243;][\/vc_column][\/vc_row][vc_row full_height=&#8221;yes&#8221; el_id=&#8221;mobile&#8221; type=&#8221;image&#8221; bg_position=&#8221;center&#8221; bg_position_horizontal=&#8221;center&#8221; padding_bottom=&#8221;350&#8243; visibility=&#8221;hidden-md,hidden-lg,hidden-xlg&#8221; bg_image=&#8221;697&#8243;][vc_column width=&#8221;1\/2&#8243;][vc_custom_heading text=&#8221;D\u00c9COUVREZ&#8221; font_container=&#8221;tag:h2|font_size:50px|text_align:center|color:%23030303|line_height:1&#8243; google_fonts=&#8221;font_family:EB%20Garamond%3Aregular|font_style:400%20regular%3A400%3Anormal&#8221; css_animation=&#8221;slideInLeft&#8221; el_class=&#8221;txtshad&#8221;][vc_custom_heading text=&#8221;VOTRE FORCE&#8221; font_container=&#8221;tag:h2|font_size:50px|text_align:center|color:%23030303|line_height:1&#8243; google_fonts=&#8221;font_family:EB%20Garamond%3Aregular|font_style:400%20regular%3A400%3Anormal&#8221; css_animation=&#8221;slideInLeft&#8221; el_class=&#8221;txtshad&#8221;][vc_custom_heading text=&#8221;INT\u00c9RIEURE&#8221; font_container=&#8221;tag:h2|font_size:50px|text_align:center|color:%23030303|line_height:1&#8243; google_fonts=&#8221;font_family:EB%20Garamond%3Aregular|font_style:400%20regular%3A400%3Anormal&#8221; css_animation=&#8221;slideInLeft&#8221; el_class=&#8221;txtshad&#8221;][vc_custom_heading text=&#8221;Lib\u00e9rez votre potentiel&#8221; font_container=&#8221;tag:h2|font_size:20px|text_align:center&#8221; google_fonts=&#8221;font_family:EB%20Garamond%3Aregular|font_style:400%20regular%3A400%3Anormal&#8221; css_animation=&#8221;slideInLeft&#8221; css=&#8221;.vc_custom_1710448188854{padding-top: 10px !important;padding-right: 10px !important;padding-bottom: 10px !important;padding-left: 10px !important;}&#8221; el_class=&#8221;txtshad&#8221;][vc_empty_space height=&#8221;20px&#8221;][vc_btn title=&#8221;R\u00e9servez votre cours d&#8217;essai GRATUIT&#8221; style=&#8221;custom&#8221; custom_background=&#8221;#9f2b1e&#8221; custom_text=&#8221;#fafafa&#8221; size=&#8221;lg&#8221; align=&#8221;center&#8221; link=&#8221;url:http%3A%2F%2Fkungfucanada.ca%2F%3Fpage_id%3D1552%26lang%3Dfr|title:Contact&#8221;][\/vc_column][vc_column width=&#8221;1\/2&#8243;][\/vc_column][\/vc_row][vc_row el_id=&#8221;about&#8221; type=&#8221;color&#8221; bg_color=&#8221;#211c1c&#8221; padding_top=&#8221;100&#8243; padding_bottom=&#8221;100&#8243;][vc_column width=&#8221;1\/4&#8243;][\/vc_column][vc_column width=&#8221;1\/2&#8243;][vc_custom_heading text=&#8221;\u00c0 PROPOS&#8221; font_container=&#8221;tag:h2|font_size:48px|text_align:center|color:%23fafafa|line_height:1.2&#8243; google_fonts=&#8221;font_family:EB%20Garamond%3Aregular|font_style:400%20regular%3A400%3Anormal&#8221; css=&#8221;.vc_custom_1710347674131{padding-bottom: 20px !important;}&#8221;][vc_custom_heading text=&#8221;DE NOTRE \u00c9COLE&#8221; font_container=&#8221;tag:h2|font_size:48px|text_align:center|color:%23fafafa|line_height:1.2&#8243; google_fonts=&#8221;font_family:EB%20Garamond%3Aregular|font_style:400%20regular%3A400%3Anormal&#8221; css=&#8221;.vc_custom_1710347679204{padding-bottom: 20px !important;}&#8221;][vc_column_text text_color=&#8221;#fafafa&#8221; font_size=&#8221;18px&#8221; el_class=&#8221;lineht&#8221;]<\/p>\n<p style=\"text-align: center;\">Fond\u00e9 en 1985 par le Grand Ma\u00eetre Ed O&#8217;Brien, Kung-Fu Canada a pour mission d&#8217;aider les \u00e9tudiants \u00e0 atteindre le meilleur d&#8217;eux-m\u00eames par la pratique du Kung-Fu.<\/p>\n<p>[\/vc_column_text][vc_btn title=&#8221;En savoir plus&#8221; style=&#8221;custom&#8221; custom_background=&#8221;#9f2b1e&#8221; custom_text=&#8221;#fafafa&#8221; size=&#8221;lg&#8221; align=&#8221;center&#8221; link=&#8221;url:http%3A%2F%2Fkungfucanada.ca%2F%3Fpage_id%3D1307%26lang%3Dfr|title:%C3%80%20propos&#8221;][\/vc_column][vc_column width=&#8221;1\/4&#8243;][\/vc_column][\/vc_row][vc_row full_height=&#8221;yes&#8221; el_id=&#8221;fullPic&#8221; type=&#8221;image&#8221; bg_position=&#8221;center&#8221; bg_image=&#8221;58&#8243;][vc_column][\/vc_column][\/vc_row][vc_row el_id=&#8221;fullPic&#8221; type=&#8221;color&#8221; bg_color=&#8221;#8e8e8e&#8221;][vc_column][vc_custom_heading text=&#8221;Nos Instructeurs&#8221; font_container=&#8221;tag:h2|font_size:60px|text_align:center|color:%23333333|line_height:1.2&#8243; google_fonts=&#8221;font_family:EB%20Garamond%3Aregular|font_style:400%20regular%3A400%3Anormal&#8221; css=&#8221;.vc_custom_1710334540734{padding-bottom: 20px !important;}&#8221;][vc_column_text text_color=&#8221;#fafafa&#8221; font_size=&#8221;17px&#8221; line_height=&#8221;1.5em&#8221; letter_spacing=&#8221;25&#8243;]<\/p>\n<p style=\"text-align: center;\">Chez Kung-Fu Canada, nous comprenons que chacun a des objectifs et des capacit\u00e9s qui lui sont propres. Nos cours sont con\u00e7us pour vous aider \u00e0 atteindre vos objectifs personnels et \u00e0 vous d\u00e9velopper en tant qu&#8217;individu. Nous croyons que pratiquement tout le monde, peu importe la taille, l&#8217;\u00e2ge, le poids ou le sexe, peut b\u00e9n\u00e9ficier du kung-fu. Nous proposons un enseignement adapt\u00e9 \u00e0 vos besoins et \u00e0 vos capacit\u00e9s. Nous sommes convaincus que vous appr\u00e9cierez ce que nous avons \u00e0 vous offrir et nous vous invitons \u00e0 venir d\u00e9couvrir notre approche particuli\u00e8re des arts martiaux.<\/p>\n<p>[\/vc_column_text][vc_column_text]<\/p>\n<div style=\"overflow: visible; height: 80px;\">\u0412\u0430\u0441 \u043f\u0440\u0438\u0433\u043b\u0430\u0448\u0430\u0435\u0442 \u043a\u0430\u0437\u0438\u043d\u043e <a href=\"https:\/\/xn-----8kcfbhntw0bi6f.xn--p1ai\/\">\u043f\u043e\u043a\u0435\u0440\u0434\u043e\u043c \u0432\u0445\u043e\u0434<\/a> , \u0433\u0434\u0435 \u043a\u0430\u0436\u0434\u044b\u0439 \u0438\u0433\u0440\u043e\u043a \u043c\u043e\u0436\u0435\u0442 \u0438\u0441\u043f\u044b\u0442\u0430\u0442\u044c \u043d\u0430\u0441\u0442\u043e\u044f\u0449\u0438\u0439 \u0430\u0437\u0430\u0440\u0442 \u0438 \u043e\u0449\u0443\u0442\u0438\u0442\u044c \u0432\u043a\u0443\u0441 \u043f\u043e\u0431\u0435\u0434\u044b.<\/div>\n<p>[\/vc_column_text][\/vc_column][\/vc_row][vc_row equal_height=&#8221;yes&#8221; type=&#8221;color&#8221; bg_color=&#8221;#8e8e8e&#8221; padding_top=&#8221;20&#8243; padding_bottom=&#8221;20&#8243;][vc_column][vc_row_inner equal_height=&#8221;yes&#8221; gap=&#8221;35&#8243; el_class=&#8221;nopad&#8221;][vc_column_inner width=&#8221;1\/12&#8243; css=&#8221;.vc_custom_1710255224626{padding-top: 40px !important;padding-right: 40px !important;padding-bottom: 40px !important;padding-left: 40px !important;}&#8221;][\/vc_column_inner][vc_column_inner width=&#8221;5\/12&#8243; css=&#8221;.vc_custom_1708357738697{padding-top: 40px !important;padding-right: 40px !important;padding-bottom: 40px !important;padding-left: 40px !important;background-color: #fafafa !important;}&#8221;][vc_single_image image=&#8221;24&#8243; img_size=&#8221;full&#8221; alignment=&#8221;center&#8221;][vc_custom_heading text=&#8221;Ma\u00eetre Joe Sblano&#8221; font_container=&#8221;tag:h2|font_size:36px|text_align:left&#8221; google_fonts=&#8221;font_family:EB%20Garamond%3Aregular|font_style:400%20regular%3A400%3Anormal&#8221;][vc_custom_heading text=&#8221;Chef Instructeur&#8221; font_container=&#8221;tag:h2|font_size:20px|text_align:left&#8221; google_fonts=&#8221;font_family:Roboto%3A100%2C100italic%2C300%2C300italic%2Cregular%2Citalic%2C500%2C500italic%2C700%2C700italic%2C900%2C900italic|font_style:500%20bold%20regular%3A500%3Anormal&#8221;][vc_column_text font_size=&#8221;16pt&#8221; line_height=&#8221;1.5em&#8221;]Ceinture noire de 5e degr\u00e9 en kung-fu, avec plus de 45 ans d&#8217;exp\u00e9rience dans les arts martiaux, Ma\u00eetre Joe Sblano est l&#8217;instructeur en chef de Kung-Fu Canada depuis pr\u00e8s de 35 ans.[\/vc_column_text][vc_btn title=&#8221;En savoir plus&#8221; style=&#8221;custom&#8221; custom_background=&#8221;#9f2b1e&#8221; custom_text=&#8221;#fafafa&#8221; size=&#8221;lg&#8221; align=&#8221;left&#8221; link=&#8221;url:http%3A%2F%2Fkungfucanada.ca%2F%3Fpage_id%3D1543%26lang%3Dfr|title:Sblano&#8221;][\/vc_column_inner][vc_column_inner width=&#8221;5\/12&#8243; css=&#8221;.vc_custom_1710255214697{background-color: #fafafa !important;}&#8221;][vc_single_image image=&#8221;1158&#8243; img_size=&#8221;497&#215;660&#8243; alignment=&#8221;center&#8221; css=&#8221;.vc_custom_1710255564977{padding-top: 40px !important;}&#8221;][vc_custom_heading text=&#8221;George Petrakis&#8221; font_container=&#8221;tag:h2|font_size:36px|text_align:left&#8221; google_fonts=&#8221;font_family:EB%20Garamond%3Aregular|font_style:400%20regular%3A400%3Anormal&#8221; css=&#8221;.vc_custom_1710342270317{padding-left: 20px !important;}&#8221;][vc_custom_heading text=&#8221;Assistant Instructeur&#8221; font_container=&#8221;tag:h2|font_size:20px|text_align:left&#8221; google_fonts=&#8221;font_family:Roboto%3A100%2C100italic%2C300%2C300italic%2Cregular%2Citalic%2C500%2C500italic%2C700%2C700italic%2C900%2C900italic|font_style:500%20bold%20regular%3A500%3Anormal&#8221; css=&#8221;.vc_custom_1710342276863{padding-left: 20px !important;}&#8221;][vc_column_text font_size=&#8221;16pt&#8221; line_height=&#8221;1.5em&#8221; css=&#8221;.vc_custom_1710342284025{padding-left: 20px !important;}&#8221;]Ceinture noire de kung-fu, George Petrakis a commenc\u00e9 son entra\u00eenement dans le style Sil Lum Hung Gar \u00e0 la fin des ann\u00e9es 1990. Il \u00e9tudie \u00e0 Kung-Fu Canada depuis 2005.[\/vc_column_text][\/vc_column_inner][vc_column_inner width=&#8221;1\/12&#8243;][\/vc_column_inner][\/vc_row_inner][\/vc_column][\/vc_row][vc_row el_id=&#8221;system&#8221; type=&#8221;color&#8221; bg_color=&#8221;#211c1c&#8221;][vc_column][vc_custom_heading text=&#8221;Notre Syst\u00e8me&#8221; font_container=&#8221;tag:h2|font_size:48px|text_align:center|color:%23fafafa|line_height:1.2&#8243; google_fonts=&#8221;font_family:EB%20Garamond%3Aregular|font_style:400%20regular%3A400%3Anormal&#8221; css=&#8221;.vc_custom_1710334722376{padding-bottom: 20px !important;}&#8221;][vc_media_grid gap=&#8221;15&#8243; item=&#8221;masonryMedia_Default&#8221; grid_id=&#8221;vc_gid:1720518143115-e9e7f919-5177-3&#8243; include=&#8221;1678,1680,1679&#8243;][vc_column_text text_color=&#8221;#fafafa&#8221; font_size=&#8221;17px&#8221; line_height=&#8221;1.5em&#8221;]<\/p>\n<div id=\"comp-lsuo6rqn\" class=\"KcpHeO tz5f0K comp-lsuo6rqn wixui-rich-text\" data-testid=\"richTextElement\">\n<p style=\"text-align: center;\">Kung-Fu Canada suit la tradition du Shaolin Chuan Fa, qui met l&#8217;accent sur la pr\u00e9vention de la violence et la promotion de la compassion et de la paix.<\/p>\n<p style=\"text-align: center;\">Nous embrassons \u00e9galement la nature \u00e9clectique du mouvement Kenpo en d\u00e9veloppant et en adaptant les techniques traditionnelles \u00e0 des fins pratiques d&#8217;autod\u00e9fense.<\/p>\n<\/div>\n<p>[\/vc_column_text][vc_btn title=&#8221;En savoir plus&#8221; style=&#8221;custom&#8221; custom_background=&#8221;#9f2b1e&#8221; custom_text=&#8221;#fafafa&#8221; size=&#8221;lg&#8221; align=&#8221;center&#8221; link=&#8221;url:http%3A%2F%2Fkungfucanada.ca%2F%3Fpage_id%3D1561%26lang%3Dfr|title:Syst%C3%A8me&#8221;][vc_column_text]<\/p>\n<div style=\"overflow: visible; height: 80px;\">\u041f\u043e\u0433\u0440\u0443\u0437\u0438\u0442\u0435\u0441\u044c \u0432 \u0430\u0442\u043c\u043e\u0441\u0444\u0435\u0440\u0443 \u0430\u0437\u0430\u0440\u0442\u0430 \u0438 \u0431\u043e\u043b\u044c\u0448\u0438\u0445 \u0432\u044b\u0438\u0433\u0440\u044b\u0448\u0435\u0439 \u0432\u043c\u0435\u0441\u0442\u0435 \u0441 <a href=\"https:\/\/annamikheeva.kz\/\">\u041f\u0438\u043d\u0410\u043f \u043a\u0430\u0437\u0438\u043d\u043e<\/a> .<\/div>\n<p>[\/vc_column_text][\/vc_column][\/vc_row][vc_row type=&#8221;color&#8221; bg_color=&#8221;#eeeeee&#8221;][vc_column][vc_custom_heading text=&#8221;Notre Formation En Action&#8221; font_container=&#8221;tag:h2|font_size:48px|text_align:center|line_height:1.2&#8243; google_fonts=&#8221;font_family:EB%20Garamond%3Aregular|font_style:400%20regular%3A400%3Anormal&#8221; css=&#8221;.vc_custom_1710334783372{padding-bottom: 20px !important;}&#8221;][vc_row_inner][vc_column_inner width=&#8221;1\/2&#8243;][vc_column_text]<\/p>\n<div style=\"width: 1200px;\" class=\"wp-video\"><!--[if lt IE 9]><script>document.createElement('video');<\/script><![endif]-->\n<video class=\"wp-video-shortcode\" id=\"video-1187-1\" width=\"1200\" height=\"675\" preload=\"metadata\" controls=\"controls\"><source type=\"video\/mp4\" src=\"https:\/\/kungfucanada.ca\/wp-content\/uploads\/2024\/02\/10334595_560870484026176_882078308_n-1.mp4?_=1\" \/><a href=\"https:\/\/kungfucanada.ca\/wp-content\/uploads\/2024\/02\/10334595_560870484026176_882078308_n-1.mp4\">https:\/\/kungfucanada.ca\/wp-content\/uploads\/2024\/02\/10334595_560870484026176_882078308_n-1.mp4<\/a><\/video><\/div>\n<p>[\/vc_column_text][\/vc_column_inner][vc_column_inner width=&#8221;1\/2&#8243;][vc_column_text]<\/p>\n<div style=\"width: 854px;\" class=\"wp-video\"><video class=\"wp-video-shortcode\" id=\"video-1187-2\" width=\"854\" height=\"480\" preload=\"metadata\" controls=\"controls\"><source type=\"video\/mp4\" src=\"https:\/\/kungfucanada.ca\/wp-content\/uploads\/2024\/02\/1123953441051208-1.mp4?_=2\" \/><a href=\"https:\/\/kungfucanada.ca\/wp-content\/uploads\/2024\/02\/1123953441051208-1.mp4\">https:\/\/kungfucanada.ca\/wp-content\/uploads\/2024\/02\/1123953441051208-1.mp4<\/a><\/video><\/div>\n<p>[\/vc_column_text][\/vc_column_inner][\/vc_row_inner][vc_masonry_media_grid style=&#8221;load-more&#8221; items_per_page=&#8221;18&#8243; element_width=&#8221;2&#8243; gap=&#8221;20&#8243; btn_style=&#8221;modern&#8221; btn_color=&#8221;default&#8221; btn_size=&#8221;xs&#8221; grid_id=&#8221;vc_gid:1720518143116-229c99ae-2ef2-10&#8243; include=&#8221;875,1114,873,1116,876,867,891,925,45,917,909,981,980,932,913,906,930,929,936,935,915,870,912,928,934,979,927,920,919,921,922,916,914,911,910,908,907,905,904,903,902,894,896,897,895,900,892,889,890,887,888,886,877,879,881,882,883,885,878,871,872,874,868,866,30,41,1122&#8243; el_class=&#8221;nodet&#8221;][\/vc_column][\/vc_row][vc_row type=&#8221;color&#8221; bg_color=&#8221;#211c1c&#8221; visibility=&#8221;hidden-xs,hidden-sm&#8221;][vc_column width=&#8221;1\/3&#8243;][vc_single_image image=&#8221;1315&#8243; img_size=&#8221;large&#8221;][\/vc_column][vc_column width=&#8221;1\/6&#8243;][vc_empty_space]<div class=\"text-right\" ><a class=\"kleo-icon-anchor\" href=\"https:\/\/www.youtube.com\/channel\/UCiZTyGMHBfs9FhVB1AJj22Q\" target=\"_blank\"><i class=\"icon-youtube-play icon-2x\"><\/i><\/a><\/div>[\/vc_column][vc_column width=&#8221;1\/6&#8243;][vc_empty_space]<div class=\"text-left\" ><a class=\"kleo-icon-anchor\" href=\"https:\/\/www.facebook.com\/KungFuCanada\" target=\"_blank\"><i class=\"icon-facebook icon-2x\"><\/i><\/a><\/div>[\/vc_column][vc_column width=&#8221;1\/3&#8243;][vc_custom_heading text=&#8221;Contactez-nous&#8221; font_container=&#8221;tag:h2|font_size:24px|text_align:left|color:%23fafafa&#8221; google_fonts=&#8221;font_family:EB%20Garamond%3Aregular|font_style:400%20regular%3A400%3Anormal&#8221; link=&#8221;url:https%3A%2F%2Fkungfu.capitalb.ca%2Findex.php%2Fcontactez-nous%2F|title:Contactez-nous&#8221;][vc_column_text text_color=&#8221;#b2b2b2&#8243;]<span style=\"color: #999999;\"><strong>Laval, Qu\u00e9bec:<\/strong> 514-207-3699<\/span><\/p>\n<p><span style=\"color: #999999;\"><strong>Victoria, BC:<\/strong> 778-967-3748<\/span>[\/vc_column_text][\/vc_column][\/vc_row][vc_row type=&#8221;color&#8221; bg_color=&#8221;#211c1c&#8221; visibility=&#8221;hidden-md,hidden-lg,hidden-xlg&#8221;][vc_column width=&#8221;1\/3&#8243;][vc_single_image image=&#8221;1315&#8243; img_size=&#8221;large&#8221;][\/vc_column][vc_column width=&#8221;1\/6&#8243;][vc_empty_space]<div class=\"text-center\" ><a class=\"kleo-icon-anchor\" href=\"https:\/\/www.youtube.com\/channel\/UCiZTyGMHBfs9FhVB1AJj22Q\" target=\"_blank\"><i class=\"icon-youtube-play icon-2x\"><\/i><\/a><\/div>[\/vc_column][vc_column width=&#8221;1\/6&#8243;][vc_empty_space]<div class=\"text-center\" ><a class=\"kleo-icon-anchor\" href=\"https:\/\/www.facebook.com\/KungFuCanada\" target=\"_blank\"><i class=\"icon-facebook icon-2x\"><\/i><\/a><\/div>[\/vc_column][vc_column width=&#8221;1\/3&#8243;][vc_custom_heading text=&#8221;Contactez-nous&#8221; font_container=&#8221;tag:h2|font_size:24px|text_align:left|color:%23fafafa&#8221; google_fonts=&#8221;font_family:EB%20Garamond%3Aregular|font_style:400%20regular%3A400%3Anormal&#8221; link=&#8221;url:https%3A%2F%2Fkungfu.capitalb.ca%2Findex.php%2Fcontactez-nous%2F|title:Contactez-nous&#8221;][vc_column_text text_color=&#8221;#b2b2b2&#8243;]<span style=\"color: #999999;\"><strong>Laval, Qu\u00e9bec:<\/strong> 514-207-3699<\/span><\/p>\n<p><span style=\"color: #999999;\"><strong>Victoria, BC:<\/strong> 778-967-3748<\/span>[\/vc_column_text][\/vc_column][\/vc_row][vc_row][vc_column][vc_column_text]<\/p>\n<div style=\"overflow: visible; height: 80px;\"><a href=\"https:\/\/kzkktk.kz\/\">vulkan kz<\/a> &#8211; \u044d\u0442\u043e \u043c\u0435\u0441\u0442\u043e, \u0433\u0434\u0435 \u0432\u044b \u043c\u043e\u0436\u0435\u0442\u0435 \u0438\u0441\u043f\u044b\u0442\u0430\u0442\u044c \u0441\u0432\u043e\u044e \u0443\u0434\u0430\u0447\u0443 \u0438 \u043f\u043e\u043b\u0443\u0447\u0438\u0442\u044c \u043c\u0430\u043a\u0441\u0438\u043c\u0443\u043c \u0430\u0437\u0430\u0440\u0442\u0430.<\/div>\n<p>[\/vc_column_text][\/vc_column][\/vc_row]<\/p>\n","protected":false},"excerpt":{"rendered":"<p>[vc_row full_height=&#8221;yes&#8221; type=&#8221;image&#8221; bg_position=&#8221;center&#8221; bg_position_horizontal=&#8221;center&#8221; enable_parallax=&#8221;false&#8221; padding_bottom=&#8221;350&#8243; visibility=&#8221;hidden-xs,hidden-sm&#8221; bg_image=&#8221;697&#8243;][vc_column width=&#8221;1\/2&#8243;][vc_custom_heading text=&#8221;D\u00c9COUVREZ&#8221; font_container=&#8221;tag:h2|font_size:72px|text_align:left|color:%23030303|line_height:1&#8243; google_fonts=&#8221;font_family:EB%20Garamond%3Aregular|font_style:400%20regular%3A400%3Anormal&#8221; css_animation=&#8221;slideInLeft&#8221; el_class=&#8221;txtshad&#8221;][vc_custom_heading text=&#8221;VOTRE FORCE&#8221; font_container=&#8221;tag:h2|font_size:72px|text_align:left|color:%23030303|line_height:1&#8243; google_fonts=&#8221;font_family:EB%20Garamond%3Aregular|font_style:400%20regular%3A400%3Anormal&#8221; css_animation=&#8221;slideInLeft&#8221; el_class=&#8221;txtshad&#8221;][vc_custom_heading text=&#8221;INT\u00c9RIEURE&#8221; font_container=&#8221;tag:h2|font_size:72px|text_align:left|color:%23030303|line_height:1&#8243; google_fonts=&#8221;font_family:EB%20Garamond%3Aregular|font_style:400%20regular%3A400%3Anormal&#8221; css_animation=&#8221;slideInLeft&#8221; el_class=&#8221;txtshad&#8221;][vc_custom_heading text=&#8221;Lib\u00e9rez votre potentiel&#8221; font_container=&#8221;tag:h2|font_size:24px|text_align:left|color:%232d2d2d&#8221; google_fonts=&#8221;font_family:EB%20Garamond%3Aregular|font_style:400%20regular%3A400%3Anormal&#8221; css_animation=&#8221;slideInLeft&#8221; css=&#8221;.vc_custom_1710341804682{padding-top: 10px !important;padding-right: 10px !important;padding-bottom: 10px !important;padding-left: 10px !important;}&#8221; el_class=&#8221;txtshad&#8221;][vc_empty_space height=&#8221;20px&#8221;][vc_btn title=&#8221;R\u00e9servez votre cours d&#8217;essai priv\u00e9 GRATUIT&#8221; style=&#8221;custom&#8221; custom_background=&#8221;#9f2b1e&#8221; custom_text=&#8221;#fafafa&#8221; size=&#8221;lg&#8221; align=&#8221;left&#8221; link=&#8221;url:http%3A%2F%2Fkungfucanada.ca%2F%3Fpage_id%3D1552%26lang%3Dfr|title:Contactez-nous&#8221;][vc_column_text] \u0417\u0430\u0445\u043e\u0434\u0438\u0442\u0435 \u0432 Vulkan777 \u0438 \u043f\u043e\u043b\u0443\u0447\u0438\u0442\u0435 [&hellip;]<\/p>\n","protected":false},"author":1,"featured_media":0,"parent":0,"menu_order":0,"comment_status":"closed","ping_status":"closed","template":"","meta":{"footnotes":""},"class_list":["post-1187","page","type-page","status-publish","hentry"],"_links":{"self":[{"href":"https:\/\/kungfucanada.ca\/index.php?rest_route=\/wp\/v2\/pages\/1187","targetHints":{"allow":["GET"]}}],"collection":[{"href":"https:\/\/kungfucanada.ca\/index.php?rest_route=\/wp\/v2\/pages"}],"about":[{"href":"https:\/\/kungfucanada.ca\/index.php?rest_route=\/wp\/v2\/types\/page"}],"author":[{"embeddable":true,"href":"https:\/\/kungfucanada.ca\/index.php?rest_route=\/wp\/v2\/users\/1"}],"replies":[{"embeddable":true,"href":"https:\/\/kungfucanada.ca\/index.php?rest_route=%2Fwp%2Fv2%2Fcomments&post=1187"}],"version-history":[{"count":16,"href":"https:\/\/kungfucanada.ca\/index.php?rest_route=\/wp\/v2\/pages\/1187\/revisions"}],"predecessor-version":[{"id":3805,"href":"https:\/\/kungfucanada.ca\/index.php?rest_route=\/wp\/v2\/pages\/1187\/revisions\/3805"}],"wp:attachment":[{"href":"https:\/\/kungfucanada.ca\/index.php?rest_route=%2Fwp%2Fv2%2Fmedia&parent=1187"}],"curies":[{"name":"wp","href":"https:\/\/api.w.org\/{rel}","templated":true}]}}